 of 376?
False
Is 3312 a multiple of 48?
True
Does 154 divide 32032?
True
Is 10 a factor of 1970?
True
Is 32447 a multiple of 14?
False
Does 12 divide 176?
False
Is 4220 a multiple of 20?
True
Does 60 divide 7844?
False
Is 2 a factor of 130?
True
Does 9 divide 10233?
True
Is 24 a factor of 408?
True
Is 55 a factor of 2255?
True
Is 73 a factor of 8030?
True
Is 21113 a multiple of 43?
True
Is 336 a multiple of 16?
True
Does 82 divide 8528?
True
Does 27 divide 32730?
False
Is 16492 a multiple of 19?
True
Does 37 divide 6623?
True
Is 40 a factor of 2520?
True
Is 13 a factor of 1139?
False
Is 625 a multiple of 25?
True
Is 5738 a multiple of 64?
False
Is 389 a multiple of 47?
False
Is 84 a multiple of 6?
True
Does 19 divide 14307?
True
Is 21320 a multiple of 40?
True
Is 40 a factor of 26600?
True
Is 7 a factor of 548?
False
Is 9 a factor of 2811?
False
Does 61 divide 2379?
True
Does 178 divide 104623?
False
Is 40 a factor of 2040?
True
Is 7 a factor of 354?
False
Is 1084 a multiple of 2?
True
Is 3586 a multiple of 11?
True
Is 4690 a multiple of 5?
True
Is 202 a multiple of 8?
False
Does 262 divide 14105?
False
Does 195 divide 11064?
False
Is 16 a factor of 3152?
True
Is 61 a factor of 26822?
False
Is 38 a factor of 76?
True
Does 3 divide 1141?
False
Is 3 a factor of 536?
False
Is 3703 a multiple of 30?
False
Is 7 a factor of 298?
False
Is 431 a multiple of 4?
False
Does 176 divide 8272?
True
Is 51741 a multiple of 37?
False
Does 30 divide 1140?
True
Is 31 a factor of 1249?
False
Is 23 a factor of 3747?
False
Is 18 a factor of 7480?
False
Does 5 divide 2409?
False
Does 97 divide 37180?
False
Does 101 divide 23980?
False
Does 6 divide 227?
False
Is 140 a factor of 39244?
False
Is 389 even?
False
Is 171 a factor of 4704?
False
Does 22 divide 17138?
True
Is 12 a factor of 606?
False
Is 10 a factor of 5070?
True
Is 152 a multiple of 5?
False
Is 32112 a multiple of 9?
True
Is 5194 a multiple of 37?
False
Does 141 divide 8068?
False
Is 163 a factor of 42478?
False
Is 6166 a multiple of 73?
False
Does 6 divide 644?
False
Is 30194 a multiple of 31?
True
Is 71 a factor of 16969?
True
Does 15 divide 35805?
True
Is 31 a factor of 558?
True
Is 240 a multiple of 10?
True
Is 609 a multiple of 2?
False
Is 108 a multiple of 54?
True
Is 38 a factor of 76?
True
Is 7 a factor of 1050?
True
Is 301 a multiple of 7?
True
Is 801 a multiple of 22?
False
Is 113 a factor of 4209?
False
Does 63 divide 703?
False
Is 54 a factor of 5454?
True
Does 40 divide 14680?
True
Does 9 divide 24315?
False
Is 7 a factor of 7910?
True
Does 19 divide 665?
True
Is 5755 a multiple of 5?
True
Is 11 a factor of 1194?
False
Does 10 divide 3543?
False
Is 61439 a multiple of 434?
False
Is 20 a factor of 640?
True
Is 58 a factor of 3596?
True
Does 16 divide 240?
True
Is 8 a factor of 594?
False
Is 41 a factor of 39128?
False
Is 122 a factor of 23411?
False
Is 35424 a multiple of 41?
True
Is 28 a factor of 9324?
True
Does 20 divide 560?
True
Is 373 even?
False
Is 13 a factor of 4407?
True
Does 13 divide 468?
True
Is 4 a factor of 120?
True
Does 182 divide 15720?
False
Is 652 even?
True
Does 6 divide 96?
True
Is 637 a multiple of 13?
True
Is 3 a factor of 4911?
True
Is 6 a factor of 3408?
True
Is 29 a factor of 1131?
True
Does 24 divide 168?
True
Is 36 a factor of 32004?
True
Is 14 a factor of 1540?
True
Does 17 divide 322?
False
Is 11 a factor of 2827?
True
Is 112 a factor of 2234?
False
Is 28614 a multiple of 6?
True
Is 3 a factor of 77?
False
Does 57 divide 3021?
True
Is 25 a factor of 74350?
True
Is 3123 a multiple of 9?
True
Is 3 a factor of 185?
False
Is 984 a multiple of 14?
False
Is 12 a factor of 684?
True
Is 30422 a multiple of 82?
True
Is 9 a factor of 110?
False
Does 92 divide 239?
False
Is 6 a factor of 315?
False
Is 14039 a multiple of 17?
False
Does 19 divide 15333?
True
Does 77 divide 1607?
False
Is 5 a factor of 6350?
True
Is 61 a factor of 2537?
False
Does 28 divide 4664?
False
Is 33 a factor of 332?
False
Does 39 divide 29920?
False
Does 8 divide 8352?
True
Is 3 a factor of 4485?
True
Is 5197 a multiple of 5?
False
Is 46 a factor of 17664?
True
Does 254 divide 25908?
True
Does 14 divide 14?
True
Is 8134 a multiple of 49?
True
Is 9 a factor of 63?
True
Is 51 a factor of 239?
False
Is 37 a factor of 831?
False
Does 3 divide 2024?
False
Is 157 a multiple of 3?
False
Is 1865 a multiple of 38?
False
Is 33 a factor of 400?
False
Is 18 a factor of 1026?
True
Is 135 a factor of 6345?
True
Is 11 a factor of 720?
False
Does 27 divide 63801?
True
Is 2 a factor of 3057?
False
Does 56 divide 5208?
True
Is 18 a factor of 42971?
False
Does 15 divide 705?
True
Is 5 a factor of 719?
False
Is 13 a factor of 18434?
True
Is 26 a factor of 312?
True
Is 12099 a multiple of 15?
False
Is 140 a multiple of 10?
True
Does 15 divide 2130?
True
Is 150 a factor of 37950?
True
Is 564 a multiple of 6?
True
Is 1947 a multiple of 33?
True
Does 12 divide 28542?
False
Does 53 divide 1696?
True
Is 14 a factor of 5056?
False
Is 287 even?
False
Is 17029 a multiple of 37?
False
Is 1495 a multiple of 13?
True
Does 30 divide 830?
False
Does 17 divide 2618?
True
Is 34270 a multiple of 46?
True
Is 2 a factor of 233?
False
Is 22 a factor of 924?
True
Is 3 a factor of 107?
False
Is 583 a multiple of 6?
False
Is 7 a factor of 880?
False
Is 335 even?
False
Is 41 a factor of 7996?
False
Is 31 a factor of 8525?
True
Does 8 divide 836?
False
Does 8 divide 2936?
True
Is 65 a factor of 1703?
False
Is 1056 a multiple of 22?
True
Is 5670 a multiple of 126?
True
Is 8650 a multiple of 25?
True
Is 85 a factor of 311?
False
Is 39 a factor of 2934?
False
Is 18 a factor of 3726?
True
Is 15 a factor of 13180?
False
Is 5232 a multiple of 12?
True
Does 6 divide 4524?
True
Is 14528 a multiple of 244?
False
Is 3117 a multiple of 126?
False
Is 26358 a multiple of 319?
False
Is 141 even?
False
Does 10 divide 1410?
True
Is 16 a factor of 4988?
False
Is 19752 a multiple of 24?
True
Is 14218 a multiple of 220?
False
Does 8 divide 288?
True
Is 24143 a multiple of 72?
False
Does 15 divide 210?
True
Is 89 even?
False
Does 116 divide 1508?
True
Does 2 divide 95?
False
Does 12 divide 2448?
True
Does 37 divide 43485?
False
Is 21780 a multiple of 60?
True
Is 12 a factor of 5424?
True
Is 6617 a multiple of 10?
False
Does 207 divide 8073?
True
Does 14 divide 5110?
True
Is 8329 a multiple of 18?
False
Does 31 divide 163?
False
Does 21 divide 168?
True
Is 17 a factor of 186?
False
Is 372 a multiple of 62?
True
Is 514 a multiple of 7?
False
Is 48272 a multiple of 112?
True
Is 38309 a multiple of 46?
False
Does 12 divide 8530?
False
Is 35 a factor of 420?
True
Is 9 a factor of 32058?
True
Is 15 a factor of 996?
False
Does 7 divide 56?
True
Is 92 a factor of 92?
True
Is 53 a factor of 11130?
True
Does 77 divide 57365?
True
Is 260 a multiple of 24?
False
Is 46260 a multiple of 81?
False
Is 4224 a multiple of 176?
True
Is 1054 a multiple of 31?
True
Is 120 a factor of 153586?
False
Is 10235 a multiple of 16?
False
Does 57 divide 22686?
True
Does 27 divide 645?
False
Does 9 divide 35370?
True
Does 75 divide 13500?
True
Is 1795 a multiple of 142?
False
Is 7219 a multiple of 33?
False
Is 5 a factor of 10217?
False
Is 7 a factor of 91?
True
Is 26845 a multiple of 91?
True
Is 5 a factor of 10915?
True
Is 100 a multiple of 5?
True
Is 16513 a multiple of 66?
False
Is 13798 a multiple of 10?
False
Is 1008 a multiple of 24?
True
Is 936 a multiple of 4?
True
Is 355 a multiple of 17?
False
Is 3 a factor of 5399?
False
Is 10177 a multiple of 14?
False
Is 1158 a multiple of 18?
False
Is 29 a factor of 870?
True
Is 42 a multiple of 14?
True
Is 14 a factor of 120310?
False
Is 307 a factor of 18727?
True
Is 2 a factor of 431?
False
Is 33 a factor of 4191?
True
Does 13 divide 533?
True
Is 4 a factor of 64292?
True
Is 38 a factor of 12388?
True
Is 7 a factor of 406?
True
Is 832 a multiple of 52?
True
Is 14 a factor of 4655?
False
Does 95 divide 2393?
False
Is 40064 a multiple of 16?
True
Is 8320 a multiple of 160?
True
Is 1963 a multiple of 78?
False
Does 12 divide 27?
False
Is 1465 a multiple of 2?
False
Does 33 divide 495?
True
Is 1632 a multiple of 68?
True
Is 57 a factor of 21090?
True
Does 180 divide 47700?
True
Does 5 divide 8284?
False
Is 10784 a multiple of 32?
True
Is 26 